
-45
7 + 6 - 18 - -21
16
Evaluate (-59 - (29 + -47)) + 9.
-32
Calculate (80 - 37) + -45 + 19 + 54.
71
What is 7 + (-10 - (8 - 3 - 9)) - -18?
19
What is the value of 39 + (4 - (-4 + 2 + 16)) - -13?
42
What is the value of 16 + -47 + 31 + -2 + -32?
-34
What is the value of 60 - 67 - (-2 - (-5 + -33))?
-43
What is the value of 26 - (16 + -1 + -1144 + 1139)?
16
What is the value of -30 + 34 + -4 + 45 + -119?
-74
What is the value of 95 + -243 - (19 + -20 - 10)?
-137
Evaluate 11 + -8 - 3 - (-149 - -122).
27
Evaluate 0 + -27 + 27 + (-1 - 7) + -8 + -9.
-25
What is -32 + (-311 - -305) + 20 + -6?
-24
What is the value of -17 - (22 - (-14 - (-26 + 18)))?
-45
-5 + -12 - -50 - 17 - (-16 + 34)
-2
Calculate 130 + (-66 - -82) + -112.
34
Calculate 74 - (1 + 5 - 3) - (-2897 + 2893).
75
What is the value of -5 + (10 - (-3 - -8)) + (-17 + 3 - -3)?
-11
Evaluate (1 - -117) + -2282 + 2269.
105
Calculate -67 + (-62 - (2 + -80)).
-51
What is -19 + -59 + 46 - 8?
-40
Evaluate (-17 - -54 - 19 - 12) + 34.
40
Evaluate 95 + (-22 - -43 - 18) - -30.
128
-51 + (43 - 22) + 50
20
Evaluate 16 + 28 + -13 + -11.
20
What is -2580 + 2580 + (-1 - 1 - -102)?
100
Evaluate -8 - 29 - -39 - -31.
33
(0 - -2 - 11) + -33 + 18 + 15 + 5
-4
What is (-21 - -24 - 71) + (-11 - -12)?
-67
44 - 24 - (39 + 54)
-73
What is ((1 - 2) + 5 - (-7 - 0)) + (1181 - 1185)?
7
Calculate -43 + 1 + (-11 + -5 + 8 - -13) + 3.
-34
-2 - -25 - (-1140 - -1190)
-27
Evaluate -95 + 17 + -15 - -101.
8
Calculate -20 + -2 + (-3343 - -3450).
85
What is 3 + 1 + -584 + 635?
55
(-8 - 2 - 5) + (13 - 0 - (83 + -60))
-25
What is -26 + 31 + 8 - (0 + -3 + -45)?
61
What is 437 + -430 + (2 - -7)?
16
Calculate 24 + 26 + -22 + -1 + 1 + 11.
39
Evaluate (-7 - (-1 - 5 - 8)) + -4 + 2 - 63.
-58
Calculate 19 - (52 - (1 + -6)).
-38
(44 - (100 + -11)) + (-1 - -16)
-30
What is the value of 24 + -113 + 44 - -57?
12
What is (-22 - 1 - (73 + -45)) + (-11 - -3)?
-59
1 + (9 - -41) + (10 + -11 - (-1 + 3))
48
Calculate (-42 - (-23 + -24)) + -15 + 19 + (-49 - 0).
-40
Evaluate -19 + -33 + 6 + 36.
-10
What is (-1 - -36) + -111 + 152 + -97?
-21
9342 - 9337 - (1 + -88)
92
Calculate -613 + 595 - (-2 - -1).
-17
Evaluate 2 - 92 - -108 - (0 - -121 - -4).
-107
What is (11 - (33 - 46)) + -72 + 0 + -7?
-55
-6 - (-18 - (-11 - (11 + -13 + -7 + -1)))
11
Calculate -93 - (-1 + (5 - -6) + -37).
-66
What is the value of 22 + (16 - 6) - (1 - -2 - (3 - -4))?
36
Calculate -38 + (-23 - -68) - 6.
1
Evaluate 73 + 26 + -27 + -10.
62
What is the value of -125 + 104 - (16 + (-6 - -6))?
-37
Evaluate 25 - 11 - ((48 - 21 - 64) + 5).
46
Evaluate 29 - (-15 - (-5 - 55)).
-16
What is the value of (-211 - -108 - -94) + -50 + (0 - 1)?
-60
What is -5 - (49 - (10 + -13) - 1 - 8)?
-48
What is the value of 37 - (-53 + (115 - -18))?
-43
Calculate -10 + (-108 - -94) + -22.
-46
Calculate 8 + (-28 - -9) - (-5 + -21 - -19).
-4
Calculate (37 - (28 - 5)) + (5 - 4) + 46.
61
(0 - 5) + (53 - 36) + -28 + -1
-17
Evaluate -73 - ((-6 - -17) + 23 - 62).
-45
Calculate 56 + (-50 - -8) + 14.
28
95 + -40 + -24 + -93
-62
29 + -2 + -40 + 63 + 0 + -4
46
Evaluate 3 + -66 + 31 + 23.
-9
Calculate (-142 - (59 + -237)) + 38 + -1.
73
What is 31 + ((-47 - -12) + -3 - -23)?
16
1 + 3 - (31 - (-29 - -51)) - (132 - 34)
-103
62 + (35 - (12 - -50))
35
What is the value of 63 + (59 - -9 - 111)?
20
What is the value of 38 + -69 + 7 + -17?
-41
What is the value of 146 + -67 + 37 + 14?
130
Calculate 162 + -159 + (8 - -1) - 5 - 112.
-105
Evaluate -31 + -8 + 32 + 4 + 1 - -45.
43
Evaluate 3 + (-34 - -1) + 617 + -624.
-37
What is -57 + (-6 - 1) + (26 - 53) + 27?
-64
Calculate (-1 - 0) + (-13 - (-10 - (-14 + 33 + -16))).
-1
What is (16 - 3) + (19 - (47 - -13)) + 2?
-26
What is 3 + (63 - (-20 - (11 + -11)))?
86
What is 7 + 4 + 0 + -2 - ((-19 - -15) + 3)?
10
What is the value of -67 + -20 + -16 + 44?
-59
What is -1 + -10 - (32 + (-161 - -72))?
46
Calculate (144 - -28 - 161) + 1 + -1 + 18.
29
What is the value of 7 + -41 - 7 - (94 - 74)?
-61
What is (10 - (8 + 4) - -29) + (-2 - 11) - 152?
-138
Calculate 72 + -17 + -50 + 37 + -8.
34
Calculate -7 + (-25 - -5 - -14) - -9 - -43.
39
What is 2 + 14 + 659 + -765?
-90
12 + 15 + -9 + -16 + 0 + 5
7
Evaluate -188 + 39 + 7 + 51.
-91
Calculate 21 - (82 - -1 - 21).
-41
Calculate (-85 - -29 - 102) + 97.
-61
2 + 1 + (-18 - (2 - 94 - (-28 - -13)))
62
Evaluate 30 + (5 - 29) + 9 - (69 - 0).
-54
Evaluate -27 - -8 - (-496 + 504).
-27
Calculate -22 - (-8 - -15 - 2) - (21 - 2).
-46
Evaluate -13 + -45 + 55 + -4 + 95.
88
Evaluate -27 - (-1805 - -1808 - (-18 + (-2 - -1))).
-49
Calculate (28 - 16 - 140) + (104 - 74).
-98
What is (16 - (48 + -14 + 9)) + (6 - 0 - 0)?
-21
What is 77 - (162 + (11 - 84))?
-12
What is the value of -109 - -171 - (7 + (6 - -1))?
48
Evaluate 23 + 35 + -41 + -12 + 3.
8
What is 3 - (0 + (-1 - 0)) - (249644 - 249763)?
123
Calculate -20 + (27 - (13 + -33 + 17)).
10
137 + -69 - 158 - -20
-70
(-57 - -92) + (53 + -31 - 57)
0
(-11 - -1) + -113 + 114 + 1 + 8 + -5
-5
Evaluate (-117 - -78) + 15 + -54 - (1 - 2).
-77
What is -59 - -87 - 137 - (-1 + -9)?
-99
What is the value of (9 - 1 - -4) + (0 - -6 - 63)?
-45
-12 - ((-15 - 20) + 14 - (-6 - 0))
3
Calculate 4 - 8 - ((1 - 30) + -4 + -2 + -6).
37
What is -8 + 17 + (39 - (2 + (-6 - (-6 - -7))))?
53
Calculate 28 + -13 + (-20 - -53) + -12.
36
What is -59 - (-1 + (-18 + 16 - (-13 - (-2 - 2))))?
-65
Calculate -5 - (27 - (16 + -47 + 19)).
-44
What is -46 - (-16 - (6 + -21 - 1 - -10) - -13)?
-49
(87 - 26 - -18 - (2 + -4 + 10)) + 14
85
Calculate -18 + (415 + -363 - (1 - -6)) + 0.
27
Evaluate (-81 - -103) + -88 - -14.
-52
0 - (81 - 79 - ((2 - -1) + -15))
-14
Evaluate (19 + (13 - -12) - 14) + -28.
2
Evaluate 152 - (31 - 155 - -143).
133
What is the value of -37 + (19 - (9 + (-8 - -4)))?
-23
What is the value of 24 + (39 - 26) + 1 + -10?
28
What is the value of -26 + 158 + 76 + -147?
61
-10 + (47 - (70 + -39)) + -4 + -1 - -14
15
12 + (-15 - -3 - -12 - -36)
48
459 + -455 + (-4 - 3) + 2 + 10 + -76
-67
Evaluate 2 - -37 - (314 + -294) - (-1 + -61).
81
What is the value of -1 - (-55 - (-128 + 60))?
-14
-33 - (43 - 50 - (2 - 15 - 2))
-41
What is the value of (34 - 4 - (43 - -8)) + 34?
13
Calculate -5 + 23 + 0 - (-28 + 25).
21
What is (92 - 102) + (8 - ((0 - 5) + 6))?
-3
Calculate -3 - -1 - (22 + -51 + 49).
-22
What is (26 - 16) + (4 - 4) + 8 - 14?
4
What is (-1 - 4) + (-2 + -59 - -13) - -8?
-45
What is 27 + (-42 - (-59 - -32)) + 99?
111
(2 + -1 - (-45 + 49)) + (-7 - 1) - 65
-76
What is the value of -11 + ((4 + -5 - 11) + (29 - 27) - -19)?
-2
Calculate 15 - (8 - -40 - 35).
2
-53 + -2 + (-436 - -525)
34
What is the value of (20 - ((-4 - -1) + -14)) + (-11 - 2)?
24
Evaluate (5 - (-21 + -6)) + 6 + -9 - 10.
19
What is the value of 15 - (27 + -13 - -8 - 39)?
32
What is -52 + 3 + -4 + (52 + -86 - -28)?
-59
What is -44 - (-85 - (38 - 61))?
18
(-100 - -96) + 0 + 37 + 6
39
((-21 + 8 - -10) + 4 - 1) + 11 + -1
10
What is -3 + (0 + -15 - (37 + -47)) + 10 + -45?
-43
What is -52 - (4 - 17 - (-15 - (11 - 27) - 10))?
-48
Evaluate 18 + 10 - 69 - (10 + 3).
-54
What is 115 + (-15 - (5 - (20 - 3)) - (5 - -3))?
104
Evaluate (5 + 12 + -7 + -5 - 1) + 5 + 1.
10
Calculate -142 + (38 - -13) - (0 + 3 + 0).
-94
Evaluate ((-10 - -14) + 1 - -15) + -67.
-47
What is (-32 - -1) + (-1402 - -1430)?
-3
-28 + 32 + -36 + 86
54
Evaluate 51 + 140 + -53 - 35.
103
Calculate (271 - 270) + (-1 - (-5 - (-77 + -1))).
-73
Calculate -3612 - -3611 - (2 - (4 - -49)).
50
What is 20 - 26 - (2 - -4 - -1) - -68?
55
(35 - 44) + -23 - 8
-40
What is -2 + 7 + -2 + -54 + -47 + 53?
-45
Calculate (345 - 131) + -38 + -156.
20
What is (9 + 3 - (-112 - -80)) + (3 - 13)?
34
What is the value of -101 - -142 - (0 + 0 + -3 + 11 + -4)?
37
Evaluate -23 + (-4 - 1) + (-14 - (50 + -81)).
-11
Calculate -9 + 41 + -82 + (12 - 1).
-39
What is the value of (17 - -9 - 43) + (12 - 33)?
-38
Calculate (-92 - -1) + (31634 - 31414).
129
What is the value of -18 + 14 + (-10 + -14 - -46)?
18
What is -123 - -10 - (-20 + 8 + 4 + 30)?
-135
What is the value of 29 + (-16 - 13) - (10 - (103 + 14))?
107
What is the value of -12 + 6 + -7 - (-18 + -28 + 1)?
32
Calculate -38 - (-36 + -2 + (378 - 399)).
21
What is the value of (-137 - (-13 + (3 - 1) + (148 - 137))) + 3?
-134
What is the value of 4 + 26 + -28 + 7 + -5?
4
Calculate (-2 - -17) + -8 + (72 - 74).
5
Eval